 is the units digit of 19696?
6
What is the hundreds digit of 967?
9
What is the tens digit of 664?
6
What is the tens digit of 5039?
3
What is the hundreds digit of 12737?
7
What is the hundreds digit of 688?
6
What is the units digit of 85?
5
What is the tens digit of 7281?
8
What is the thousands digit of 14190?
4
What is the units digit of 23317?
7
What is the tens digit of 14244?
4
What is the thousands digit of 203174?
3
What is the hundreds digit of 22327?
3
What is the thousands digit of 1383?
1
What is the tens digit of 38110?
1
What is the units digit of 56578?
8
What is the units digit of 8722?
2
What is the units digit of 2001?
1
What is the tens digit of 7800?
0
What is the units digit of 1774?
4
What is the hundreds digit of 2688?
6
What is the tens digit of 1124?
2
What is the thousands digit of 3652?
3
What is the thousands digit of 1133?
1
What is the hundreds digit of 563?
5
What is the ten thousands digit of 49881?
4
What is the tens digit of 173?
7
What is the thousands digit of 17476?
7
What is the ten thousands digit of 201478?
0
What is the units digit of 19339?
9
What is the hundreds digit of 1741?
7
What is the tens digit of 9625?
2
What is the tens digit of 56?
5
What is the hundreds digit of 72027?
0
What is the thousands digit of 1847?
1
What is the units digit of 2060?
0
What is the thousands digit of 33941?
3
What is the thousands digit of 15163?
5
What is the tens digit of 8689?
8
What is the tens digit of 3452?
5
What is the units digit of 715?
5
What is the hundreds digit of 490?
4
What is the thousands digit of 2313?
2
What is the tens digit of 818?
1
What is the tens digit of 60623?
2
What is the tens digit of 4468?
6
What is the ten thousands digit of 119578?
1
What is the hundreds digit of 312?
3
What is the tens digit of 829?
2
What is the tens digit of 876?
7
What is the tens digit of 1471?
7
What is the tens digit of 4605?
0
What is the units digit of 10702?
2
What is the units digit of 15873?
3
What is the hundreds digit of 7438?
4
What is the tens digit of 571?
7
What is the units digit of 15490?
0
What is the thousands digit of 5387?
5
What is the tens digit of 168493?
9
What is the thousands digit of 2199?
2
What is the units digit of 80?
0
What is the tens digit of 1448?
4
What is the units digit of 19152?
2
What is the tens digit of 75078?
7
What is the ten thousands digit of 23378?
2
What is the units digit of 5864?
4
What is the hundreds digit of 8378?
3
What is the hundreds digit of 407?
4
What is the thousands digit of 9347?
9
What is the hundreds digit of 27365?
3
What is the units digit of 6011?
1
What is the units digit of 607?
7
What is the tens digit of 10748?
4
What is the tens digit of 2447?
4
What is the tens digit of 3310?
1
What is the units digit of 20200?
0
What is the tens digit of 76575?
7
What is the units digit of 14820?
0
What is the units digit of 26162?
2
What is the thousands digit of 43300?
3
What is the hundreds digit of 484?
4
What is the thousands digit of 3914?
3
What is the units digit of 156165?
5
What is the units digit of 1292?
2
What is the hundreds digit of 57930?
9
What is the units digit of 1774?
4
What is the units digit of 2697?
7
What is the tens digit of 54095?
9
What is the tens digit of 5826?
2
What is the thousands digit of 9038?
9
What is the thousands digit of 4291?
4
What is the units digit of 706?
6
What is the units digit of 18?
8
What is the hundreds digit of 38728?
7
What is the hundreds digit of 9782?
7
What is the units digit of 2787?
7
What is the tens digit of 45278?
7
What is the tens digit of 566?
6
What is the thousands digit of 115364?
5
What is the hundreds digit of 503?
5
What is the thousands digit of 3558?
3
What is the units digit of 4998?
8
What is the thousands digit of 157186?
7
What is the units digit of 882?
2
What is the tens digit of 502?
0
What is the hundreds digit of 244?
2
What is the units digit of 950?
0
What is the ten thousands digit of 88153?
8
What is the tens digit of 31446?
4
What is the units digit of 513?
3
What is the units digit of 930?
0
What is the ten thousands digit of 55337?
5
What is the hundreds digit of 4945?
9
What is the thousands digit of 44316?
4
What is the ten thousands digit of 27120?
2
What is the hundreds digit of 27782?
7
What is the hundreds digit of 22886?
8
What is the thousands digit of 2263?
2
What is the thousands digit of 2002?
2
What is the hundreds digit of 622?
6
What is the units digit of 14101?
1
What is the hundreds digit of 28948?
9
What is the tens digit of 54928?
2
What is the tens digit of 305?
0
What is the hundreds digit of 3674?
6
What is the hundreds digit of 34686?
6
What is the thousands digit of 6041?
6
What is the units digit of 44?
4
What is the units digit of 64772?
2
What is the thousands digit of 13482?
3
What is the hundreds digit of 5131?
1
What is the thousands digit of 14235?
4
What is the thousands digit of 1302?
1
What is the thousands digit of 32638?
2
What is the tens digit of 36914?
1
What is the thousands digit of 11416?
1
What is the hundreds digit of 74986?
9
What is the units digit of 2128?
8
What is the thousands digit of 49976?
9
What is the hundreds digit of 19235?
2
What is the thousands digit of 12962?
2
What is the thousands digit of 44309?
4
What is the units digit of 123269?
9
What is the hundreds digit of 198?
1
What is the thousands digit of 1286?
1
What is the thousands digit of 19290?
9
What is the units digit of 62923?
3
What is the thousands digit of 5647?
5
What is the units digit of 13361?
1
What is the units digit of 5111?
1
What is the ten thousands digit of 25837?
2
What is the tens digit of 8103?
0
What is the hundreds digit of 8491?
4
What is the units digit of 10220?
0
What is the thousands digit of 4537?
4
What is the tens digit of 2102?
0
What is the thousands digit of 18408?
8
What is the units digit of 6988?
8
What is the units digit of 32881?
1
What is the thousands digit of 21985?
1
What is the tens digit of 831?
3
What is the units digit of 3470?
0
What is the units digit of 7?
7
What is the units digit of 9242?
2
What is the units digit of 1693?
3
What is the thousands digit of 6125?
6
What is the thousands digit of 41325?
1
What is the units digit of 433?
3
What is the hundred thousands digit of 112604?
1
What is the ten thousands digit of 18300?
1
What is the hundreds digit of 2548?
5
What is the ten thousands digit of 26936?
2
What is the tens digit of 942?
4
What is the tens digit of 397?
9
What is the ten thousands digit of 37994?
3
What is the units digit of 2872?
2
What is the units digit of 651?
1
What is the hundreds digit of 14683?
6
What is the hundreds digit of 2012?
0
What is the thousands digit of 13282?
3
What is the hundreds digit of 1153?
1
What is the thousands digit of 8135?
8
What is the tens digit of 4337?
3
What is the units digit of 2601?
1
What is the hundreds digit of 261?
2
What is the tens digit of 619?
1
What is the hundreds digit of 4480?
4
What is the hundreds digit of 38914?
9
What is the ten thousands digit of 15163?
1
What is the thousands digit of 3339?
3
What is the tens digit of 9612?
1
What is the hundreds digit of 3957?
9
What is the units digit of 36573?
3
What is the ten thousands digit of 29065?
2
What is the thousands digit of 16127?
6
What is the units digit of 22503?
3
What is the tens digit of 8963?
6
What is the units digit of 11749?
9
What is the hundreds digit of 830?
8
What is the hundreds digit of 1321?
3
What is the tens digit of 4313?
1
What is the units digit of 155?
5
What is the units digit of 20656?
6
What is the hundreds digit of 122378?
3
What is the units digit of 8933?
3
What is the thousands digit of 24967?
4
What is the units digit of 6288?
8
What is the tens digit of 28251?
5
What is the thousands digit of 112094?
2
What is the tens digit of 5058?
5
What is the tens digit of 25880?
8
What is the units digit of 208?
8
What is the units digit of 5986?
6
What is the tens digit of 8068?
6
What is the units digit of 3449?
9
What is the thousands digit of 1811?
1
What is the ten thousands digit of 16178?
1
What is the units digit of 914?
4
What is the ten thousands digit of 10178?
1
What is the units digit of 4486?
6
What is the units digit of 2218?
8
What is the 